inder when s is divided by b?
7
Let g be 19/(-3) - (8/(-6) + 1). Let n(c) = 2*c**2 + 2*c**2 - 3*c**2 + 3*c - 7. Calculate the remainder when n(g) is divided by 7.
4
Suppose 24*h - 21*h = 30. Let c(i) = 11*i**2 - 4*i + 2. Calculate the remainder when c(2) is divided by h.
8
Suppose 0*o = -5*o + 20. Let z(y) = -y**2 - 5*y + 4. Let h be z(-5). Calculate the remainder when 174/o + h/(-8) is divided by 15.
13
Let z = -19 - -4. Let c = 3 - z. What is the remainder when c is divided by 10?
8
Suppose -5*c + 7 = -48. Let q = 1 + 1. Suppose w - 42 = -q*b - w, -2*b + 35 = -5*w. What is the remainder when b is divided by c?
9
Suppose -3*u - g - 15 = 0, -u + 2*g = -2*u. Let a(o) = o**2 + 3*o + 1. Let c be a(u). Let v = c - 8. Calculate the remainder when 32 is divided by v.
10
Suppose 3*y - y = 0. Let p(k) = k**2 + k + 36. Calculate the remainder when p(y) is divided by 19.
17
Suppose 570 = -b + 7*b. What is the remainder when b is divided by 33?
29
Let v(x) = x**3 - 2*x**2 - 2*x - 7. What is the remainder when v(4) is divided by 7?
3
Let k(g) = 6*g - 1. Let f be k(1). Suppose c - 55 = -f*z, -2*z + 3*c + 10 = c. Calculate the remainder when 37 is divided by z.
7
Let l = 22 - -16. What is the remainder when l is divided by 20?
18
What is the remainder when 48 is divided by 0 + 15 + (-2)/(-1)?
14
Suppose 2*v - 3*d - 38 = d, 3*d - 30 = -5*v. Calculate the remainder when 26 is divided by v.
8
Suppose 2*a = 3*c + 51, 0*c + 3*c = -a + 3. What is the remainder when a is divided by 5?
3
Suppose 5*f + 8 - 183 = 0. Let i = f + -15. Calculate the remainder when i is divided by 11.
9
Let f(h) = 2*h - 4. Let k be f(7). Let x = k + 1. Calculate the remainder when x is divided by 6.
5
Let u(o) = -o**3 - 5*o**2 - o + 2. Suppose -10 = -2*b, 8*b - 20 = z + 5*b. Calculate the remainder when 25 is divided by u(z).
4
Suppose -3*m + 16 = -0*j - 5*j, -3*m = -j + 4. Let o = m - -3. Suppose -5*l + 2*l + 30 = o. Calculate the remainder when l is divided by 4.
2
Suppose 2*v + 4*c = -0*v + 310, -2*v - 3*c + 314 = 0. Suppose -p + 3*p = -3*w + v, 5*p = -w + 388. Calculate the remainder when p is divided by 20.
17
Suppose 0 = -4*b - 3*m + 65, 4*m + 66 - 8 = 5*b. Let w be ((-15)/(-4))/(-3)*-40. Calculate the remainder when (1 + -2)/((-2)/w) is divided by b.
11
Calculate the remainder when 18 is divided by 1 + (4 - 3) + 5.
4
Let y be 2 - 54/3 - 0. What is the remainder when 52 is divided by 4 - 2 - (0 + y)?
16
Let z(m) = 6*m**3 + 24*m**2 - 6*m - 19. Let j(f) = -f**3 - 5*f**2 + f + 4. Let x(l) = -11*j(l) - 2*z(l). Calculate the remainder when x(5) is divided by 17.
15
Suppose 6 = 2*h - 5*y, 4*h - 2*y - 32 = -4. Calculate the remainder when h is divided by 5.
3
Calculate the remainder when 1372/14 + (-1 - -2) is divided by 25.
24
Let n(i) = 7*i - 1. What is the remainder when 22 is divided by n(1)?
4
Let a = 44 + -19. Calculate the remainder when a is divided by 9.
7
Suppose 0 = -5*z + 2*v + 152, -3*z + 58 = -z + 2*v. Calculate the remainder when 58 is divided by z.
28
Let l = 5 + -1. Let k(j) = 3*j - 3. What is the remainder when 16 is divided by k(l)?
7
Suppose 5*i + 8*r - 20 = 3*r, -i + 1 = -2*r. What is the remainder when i is divided by 3?
0
Let y(w) = w**2 - 1. Let r be y(4). Suppose 19*t - 176 = r*t. What is the remainder when t is divided by 15?
14
Let h = 208 + -200. Let c(o) = 2*o - 3. What is the remainder when h is divided by c(4)?
3
Suppose 10*o = 7*o + 51. Suppose 3*n = -p + 18, p - 3*p + 3*n = -81. Calculate the remainder when p is divided by o.
16
Suppose 3*d = -20 - 64. Let l = d + 47. Calculate the remainder when l is divided by 10.
9
Let x(m) = -36*m - 10. Calculate the remainder when x(-4) is divided by 35.
29
Suppose -3*p + p + 44 = 0. Suppose w = -w + p. Suppose 5*j - w = 49. What is the remainder when j is divided by 7?
5
Let t(s) be the third derivative of s**6/12 + 2*s**2. What is the remainder when t(1) is divided by 7?
3
Let d = 50 - 5. What is the remainder when 133 is divided by d?
43
Let g = -31 - -49. Let t = 31 - g. Calculate the remainder when -1 + (-2 - -1)*-26 is divided by t.
12
Suppose 0 = 12*k - 9*k - 309. What is the remainder when k is divided by 26?
25
Let t = 17 - -40. Calculate the remainder when t is divided by 10.
7
Let o be -1 + 2 + -4 + 1. Let i be (-88)/14 - o/7. Let h = 14 - i. What is the remainder when h is divided by 11?
9
Let f = -9 - -12. Calculate the remainder when 11 is divided by f.
2
Let c = 18 - 4. Calculate the remainder when 41 is divided by c.
13
Let r(o) = -o - 2. What is the remainder when 7 is divided by r(-7)?
2
Suppose 0 = -4*d - 0*d + 44. Calculate the remainder when d is divided by 2.
1
Suppose 3*v - 75 = -0*v. Let w(f) = 18*f + 2. Let x be w(2). Suppose -1 = -3*n + x. Calculate the remainder when v is divided by n.
12
Let k(f) = -f**3 + 22*f**2 + f - 9. What is the remainder when 63 is divided by k(22)?
11
Let s(h) = -h**2 - 10*h - 14. Calculate the remainder when 25 is divided by s(-6).
5
Suppose 3*i = -2*i, -4*i - 46 = -2*m. What is the remainder when 90 is divided by m?
21
Suppose 5*h + 2*u - 31 = 0, -h + 3*u - 3 = 1. Let f(i) = 3*i - 9. Calculate the remainder when f(6) is divided by h.
4
Let p = 18 + -1. What is the remainder when p is divided by 10?
7
Let f = -4 - -7. Suppose -2*w = -5*m - 25, -f*m = -3*w - 5*m + 28. Suppose -j = 3*l + w - 24, -2*l = 2*j - 40. What is the remainder when j is divided by 12?
11
Let m(c) = -5*c**3 - c**2 + 4*c. What is the remainder when 166 is divided by m(-2)?
26
What is the remainder when 21 is divided by (-2)/(3*2/(-24))?
5
Let s(a) = -a**2 - 7*a + 5. Let g be s(-8). Let q(w) = -w**3 + 7*w**2 - 6*w + 1. Let o be q(6). Calculate the remainder when (69/(-9))/(o/g) is divided by 12.
11
Let u(o) = o + 3. Calculate the remainder when 5 is divided by u(1).
1
Suppose -i - 3 = -1, -5*n + i + 277 = 0. Calculate the remainder when n is divided by ((-4)/2)/((-4)/38).
17
Let x be (21 + -1)*(-36)/(-8). Let u be (2/5)/(6/x). Suppose -3*s = 0, -4*s - u = -m + 3. What is the remainder when 17 is divided by m?
8
Let k = 31 + -46. What is the remainder when (-140)/(-3) + 10/k is divided by 12?
10
Let g(w) = w**3 + 5*w**2 - 16*w - 1. What is the remainder when 51 is divided by g(-7)?
12
Suppose 3*a = -5*b + 291, 3*b + 3*a - 4*a = 183. Suppose 0 = 6*r - r - b. Suppose -r + 78 = 3*p. Calculate the remainder when 64 is divided by p.
20
Let t(u) = -10*u - 1. Let l be t(-1). Suppose 4*c - 2*h = -0*h + 92, 2*c - 42 = -h. Let n = c - l. Calculate the remainder when n is divided by 5.
3
Let n be 531/12 + 2/(-8). Suppose 0 = -4*o + n - 8. Let t = -30 + 55. Calculate the remainder when t is divided by o.
7
Let k be (0 - -1) + (6 - 3). Suppose 21 = -k*i + 7*i. Let b = -20 - -32. What is the remainder when b is divided by i?
5
Let k be 1 + 1 - (1 + -4). Suppose 5*l = -3*r + 7, 1 = -k*l - 4. Let x = 1 + 2. What is the remainder when r is divided by x?
1
Let q(s) be the third derivative of s**5/30 + 7*s**4/24 - s**2. Let p be q(-6). Let r = p - 11. What is the remainder when 55 is divided by r?
17
Let f = 22 + -18. What is the remainder when f is divided by 2?
0
Let i(d) = -4*d**3 - d**2 - 3*d - 1. What is the remainder when -2*(-2 - (-2)/(-1)) is divided by i(-1)?
3
Let r = 5 - -26. Let k = -6 + 17. What is the remainder when r is divided by k?
9
Suppose 0 = 3*g - 2*r - 18 - 16, 12 = 2*g - 4*r. Suppose -4*t - a = -212, 0 = t - 2*t - 5*a + 53. What is the remainder when t is divided by g?
11
Let t(n) = -2*n**3 - n**2 - 6*n. Calculate the remainder when t(-3) is divided by 33.
30
Let k(d) = d + 15. Calculate the remainder when k(16) is divided by 17.
14
Suppose 0 = -4*g - g - 120. What is the remainder when (11/4)/((-6)/g) is divided by 6?
5
Let g(u) = u**3 + 10*u**2 + 7*u - 1. What is the remainder when g(-9) is divided by 4?
1
Let l(z) = z**3 - 2*z**2 + 7*z - 4. Calculate the remainder when l(4) is divided by 19.
18
Suppose u + 4*d - 34 = -0*d, 5*u = 5*d + 45. What is the remainder when 54 is divided by u?
12
Suppose -4*b + 273 = -b. Let z = b + -22. Calculate the remainder when z is divided by 18.
15
Suppose -3*h + 9 = 3. Let a(t) = -3 + 6*t**h - 3*t - 2 + 7. What is the remainder when a(2) is divided by 11?
9
Let y(d) = d**3 + 2*d**2 - 2*d - 3. Let f be y(-2). Suppose r - 12 = -f. Suppose -4*z = -g + 9, z